ndreds digit of 159752?
7
What is the ten thousands digit of 127221?
2
What is the hundreds digit of 31655?
6
What is the ten thousands digit of 167355?
6
What is the ten thousands digit of 615337?
1
What is the hundred thousands digit of 430101?
4
What is the hundreds digit of 1356501?
5
What is the units digit of 567191?
1
What is the ten thousands digit of 240226?
4
What is the hundred thousands digit of 7703938?
7
What is the tens digit of 600342?
4
What is the units digit of 758015?
5
What is the thousands digit of 15235476?
5
What is the units digit of 1021584?
4
What is the ten thousands digit of 1417961?
1
What is the thousands digit of 975051?
5
What is the ten thousands digit of 1724606?
2
What is the units digit of 135673?
3
What is the tens digit of 23478714?
1
What is the hundred thousands digit of 926179?
9
What is the thousands digit of 21407470?
7
What is the tens digit of 11017995?
9
What is the units digit of 1770760?
0
What is the tens digit of 53759?
5
What is the units digit of 98036?
6
What is the millions digit of 1230303?
1
What is the hundred thousands digit of 309038?
3
What is the ten thousands digit of 7065937?
6
What is the hundreds digit of 384656?
6
What is the hundreds digit of 18218980?
9
What is the ten thousands digit of 3351184?
5
What is the ten thousands digit of 1497570?
9
What is the thousands digit of 301378?
1
What is the tens digit of 1240654?
5
What is the tens digit of 413460?
6
What is the hundred thousands digit of 4505277?
5
What is the hundreds digit of 4405063?
0
What is the hundreds digit of 15603665?
6
What is the hundreds digit of 91721?
7
What is the hundreds digit of 4582586?
5
What is the hundred thousands digit of 3665794?
6
What is the hundreds digit of 1665952?
9
What is the millions digit of 14701563?
4
What is the tens digit of 1731133?
3
What is the tens digit of 209131?
3
What is the units digit of 67361?
1
What is the hundred thousands digit of 1018317?
0
What is the ten thousands digit of 23879901?
7
What is the ten millions digit of 20539659?
2
What is the hundreds digit of 1273280?
2
What is the units digit of 152437?
7
What is the tens digit of 24417?
1
What is the thousands digit of 466619?
6
What is the ten millions digit of 17044733?
1
What is the units digit of 264634?
4
What is the millions digit of 7831569?
7
What is the hundreds digit of 345041?
0
What is the thousands digit of 31249788?
9
What is the units digit of 484784?
4
What is the thousands digit of 169841?
9
What is the units digit of 472628?
8
What is the millions digit of 15729153?
5
What is the hundred thousands digit of 158318?
1
What is the thousands digit of 219046?
9
What is the ten thousands digit of 1690335?
9
What is the hundreds digit of 521288?
2
What is the units digit of 69958?
8
What is the hundred thousands digit of 833573?
8
What is the hundreds digit of 162732?
7
What is the ten thousands digit of 1941530?
4
What is the units digit of 406384?
4
What is the ten thousands digit of 252909?
5
What is the units digit of 40674903?
3
What is the hundreds digit of 6134712?
7
What is the thousands digit of 8342962?
2
What is the hundred thousands digit of 197778?
1
What is the thousands digit of 7187374?
7
What is the millions digit of 1510203?
1
What is the hundred thousands digit of 415890?
4
What is the thousands digit of 1464756?
4
What is the thousands digit of 22292169?
2
What is the thousands digit of 522338?
2
What is the millions digit of 1565590?
1
What is the hundred thousands digit of 1115792?
1
What is the units digit of 11727?
7
What is the tens digit of 2323101?
0
What is the units digit of 13490778?
8
What is the tens digit of 485594?
9
What is the ten thousands digit of 551926?
5
What is the millions digit of 3759868?
3
What is the thousands digit of 94828?
4
What is the thousands digit of 1419020?
9
What is the thousands digit of 111588?
1
What is the units digit of 39864?
4
What is the millions digit of 5829676?
5
What is the hundred thousands digit of 1710814?
7
What is the thousands digit of 416339?
6
What is the millions digit of 10654504?
0
What is the thousands digit of 6533?
6
What is the ten thousands digit of 26017916?
1
What is the ten millions digit of 41644606?
4
What is the units digit of 20709078?
8
What is the ten thousands digit of 13809636?
0
What is the tens digit of 142559?
5
What is the units digit of 6917091?
1
What is the hundreds digit of 4046022?
0
What is the units digit of 365424?
4
What is the hundred thousands digit of 225022?
2
What is the ten millions digit of 28052664?
2
What is the hundreds digit of 49867?
8
What is the ten thousands digit of 1801174?
0
What is the ten thousands digit of 20699?
2
What is the thousands digit of 243842?
3
What is the hundreds digit of 14035?
0
What is the units digit of 1909028?
8
What is the ten thousands digit of 5833440?
3
What is the thousands digit of 149122?
9
What is the hundred thousands digit of 2755133?
7
What is the thousands digit of 300080?
0
What is the hundreds digit of 5217241?
2
What is the hundred thousands digit of 2333946?
3
What is the thousands digit of 3159615?
9
What is the hundreds digit of 460765?
7
What is the hundreds digit of 293626?
6
What is the thousands digit of 412186?
2
What is the ten thousands digit of 207320?
0
What is the thousands digit of 1022929?
2
What is the ten thousands digit of 385534?
8
What is the hundreds digit of 270721?
7
What is the millions digit of 1083601?
1
What is the units digit of 189828?
8
What is the tens digit of 9683574?
7
What is the tens digit of 3354994?
9
What is the ten thousands digit of 4245757?
4
What is the thousands digit of 6612987?
2
What is the thousands digit of 5507935?
7
What is the tens digit of 63490?
9
What is the thousands digit of 267082?
7
What is the ten thousands digit of 37919?
3
What is the hundred thousands digit of 100784?
1
What is the millions digit of 5202646?
5
What is the thousands digit of 396926?
6
What is the thousands digit of 139184?
9
What is the tens digit of 1656980?
8
What is the hundreds digit of 31137137?
1
What is the hundreds digit of 13451?
4
What is the hundred thousands digit of 26473598?
4
What is the hundreds digit of 1406408?
4
What is the thousands digit of 197275?
7
What is the thousands digit of 68197?
8
What is the tens digit of 2533409?
0
What is the hundreds digit of 21049704?
7
What is the units digit of 544068?
8
What is the thousands digit of 197135?
7
What is the hundred thousands digit of 857608?
8
What is the hundreds digit of 7533421?
4
What is the tens digit of 69552?
5
What is the ten thousands digit of 320233?
2
What is the tens digit of 5041430?
3
What is the hundreds digit of 52602?
6
What is the ten thousands digit of 530254?
3
What is the ten thousands digit of 27458417?
5
What is the units digit of 7491109?
9
What is the units digit of 229436?
6
What is the units digit of 86538?
8
What is the millions digit of 4617748?
4
What is the hundred thousands digit of 37645146?
6
What is the tens digit of 189512?
1
What is the ten thousands digit of 5930470?
3
What is the tens digit of 156775?
7
What is the hundreds digit of 1680265?
2
What is the millions digit of 14682023?
4
What is the units digit of 1064407?
7
What is the tens digit of 11094374?
7
What is the millions digit of 1426423?
1
What is the thousands digit of 898575?
8
What is the thousands digit of 2417287?
7
What is the hundred thousands digit of 2203227?
2
What is the millions digit of 7951052?
7
What is the units digit of 335902?
2
What is the hundred thousands digit of 1668373?
6
What is the tens digit of 466728?
2
What is the hundreds digit of 9821044?
0
What is the millions digit of 1010619?
1
What is the millions digit of 24109229?
4
What is the tens digit of 163335?
3
What is the tens digit of 161996?
9
What is the units digit of 505929?
9
What is the hundred thousands digit of 623293?
6
What is the hundred thousands digit of 829508?
8
What is the tens digit of 1606570?
7
What is the thousands digit of 1017590?
7
What is the units digit of 27486167?
7
What is the units digit of 3375513?
3
What is the tens digit of 45173?
7
What is the hundred thousands digit of 432322?
4
What is the ten thousands digit of 50017?
5
What i